183761 composite?
False
Is 17342749 a composite number?
True
Is 4549673 prime?
False
Is 206371159 a composite number?
True
Is 912229 composite?
True
Is 5950061 composite?
True
Is 5320009 a composite number?
True
Is 1532827 prime?
True
Is 38152349 composite?
False
Is 17675711 composite?
False
Is 61935745 a composite number?
True
Is 1787087 prime?
True
Is 72264409 a prime number?
False
Is 1295641 composite?
True
Is 444887563 a prime number?
False
Is 47334563 a composite number?
False
Is 140017193 composite?
False
Is 26547413 a composite number?
True
Is 11021834 a prime number?
False
Is 130177903 a composite number?
False
Is 4161293 a composite number?
True
Is 326489465 composite?
True
Is 1602443 a prime number?
False
Is 202471 composite?
False
Is 5051311 a composite number?
True
Is 1595557255 a prime number?
False
Is 6099029 composite?
False
Is 6612013 composite?
False
Is 14988583 a composite number?
True
Is 92976701 a prime number?
False
Is 83205307 a composite number?
False
Is 397667 a prime number?
False
Is 506762 a prime number?
False
Is 398325163 prime?
True
Is 9073943 composite?
True
Is 68364073 a prime number?
False
Is 2547901 a prime number?
False
Is 12008113 composite?
True
Is 78943463 a prime number?
True
Is 52280203 composite?
False
Is 10877089 a prime number?
True
Is 2460853 a prime number?
False
Is 768645149 a prime number?
False
Is 9593011 prime?
True
Is 6140389 a prime number?
True
Is 149011607 composite?
True
Is 147627791 a composite number?
False
Is 244261883 a composite number?
True
Is 1838371 prime?
True
Is 1642991 prime?
False
Is 29518703 a composite number?
True
Is 100148777 a prime number?
True
Is 99949697 a composite number?
True
Is 13557071 prime?
False
Is 6514411 prime?
False
Is 69251339 a composite number?
False
Is 6291107 a prime number?
False
Is 13853941 composite?
True
Is 19325149 a composite number?
False
Is 16152062 a prime number?
False
Is 416881385 prime?
False
Is 9544945 a composite number?
True
Is 91247047 prime?
True
Is 12002647 a prime number?
True
Is 13209089 a composite number?
False
Is 428381 prime?
False
Is 9530393 a prime number?
True
Is 50854117 a prime number?
False
Is 21925203 composite?
True
Is 26620733 a prime number?
True
Is 557693 a composite number?
False
Is 3702313 a composite number?
False
Is 2217427 composite?
True
Is 13363957 prime?
True
Is 138991411 a composite number?
True
Is 1552181 a prime number?
False
Is 73895 composite?
True
Is 2275883 a prime number?
False
Is 8888291 composite?
True
Is 20567 composite?
True
Is 39136535 a prime number?
False
Is 186163973 a composite number?
True
Is 321047851 a composite number?
True
Is 206511203 composite?
False
Is 343139 composite?
True
Is 8562023 a prime number?
True
Is 106113173 composite?
True
Is 3028379 a prime number?
True
Is 2767993 prime?
True
Is 606133 composite?
True
Is 79988353 a composite number?
False
Is 5919113 composite?
True
Is 11956937 prime?
False
Is 170953787 a composite number?
False
Is 149687051 prime?
True
Is 1101211 a prime number?
True
Is 31116431 a composite number?
False
Is 10599947 a composite number?
True
Is 1166395 composite?
True
Is 19757609 prime?
True
Is 65495047 a composite number?
True
Is 91397501 a composite number?
True
Is 52733969 prime?
False
Is 32209813 prime?
True
Is 50310173 composite?
False
Is 124046401 a composite number?
False
Is 40104431 composite?
False
Is 6021479 a composite number?
False
Is 3813269 a prime number?
False
Is 655847 a composite number?
False
Is 435131 composite?
False
Is 26325599 prime?
True
Is 64761373 composite?
False
Is 5097527 prime?
False
Is 290604763 composite?
False
Is 581891 composite?
False
Is 11273637 composite?
True
Is 14386297 prime?
True
Is 3273703 a prime number?
True
Is 16836649 a composite number?
True
Is 7968515 prime?
False
Is 6639209 a prime number?
True
Is 12500507 a prime number?
False
Is 337366171 a prime number?
True
Is 12007999 prime?
True
Is 5963674 a prime number?
False
Is 7586581 composite?
False
Is 114947669 prime?
True
Is 89997521 a prime number?
True
Is 317729 a prime number?
True
Is 65423469 a prime number?
False
Is 30661007 a composite number?
True
Is 32362621 a composite number?
True
Is 188941199 composite?
False
Is 257787169 prime?
True
Is 13847699 composite?
True
Is 75525637 composite?
True
Is 1788117965 composite?
True
Is 92393057 prime?
True
Is 108486881 composite?
False
Is 57776893 a prime number?
True
Is 68089247 a prime number?
False
Is 78860069 prime?
True
Is 13983797 a composite number?
False
Is 660479 a prime number?
False
Is 21048983 a composite number?
True
Is 11052521 prime?
False
Is 1619993 a prime number?
False
Is 36262367 prime?
False
Is 5108683 a prime number?
False
Is 212171 composite?
True
Is 38950645 a composite number?
True
Is 1014181 a prime number?
False
Is 4070621 composite?
False
Is 833251 a prime number?
True
Is 35507231 a prime number?
False
Is 4657879 a prime number?
True
Is 158340183 composite?
True
Is 235639981 a prime number?
False
Is 4842871 prime?
False
Is 553433 a prime number?
True
Is 1619011 prime?
False
Is 2374859 composite?
False
Is 260621 prime?
False
Is 1848655 composite?
True
Is 368361271 a composite number?
False
Is 38347039 a composite number?
False
Is 2109533 composite?
False
Is 36961493 a composite number?
True
Is 47976443 a prime number?
False
Is 5635402 prime?
False
Is 98543 composite?
False
Is 1116083 composite?
True
Is 7020437 composite?
True
Is 532919 composite?
False
Is 31537643 composite?
True
Is 38123723 a prime number?
False
Is 1112134 prime?
False
Is 14391809 a composite number?
True
Is 24034141 prime?
False
Is 6984239 a prime number?
True
Is 385046191 a composite number?
True
Is 22177039 prime?
False
Is 880495009 a composite number?
False
Is 63041279 composite?
True
Is 979867 prime?
False
Is 44230435 composite?
True
Is 8651117 a prime number?
True
Is 379177637 a prime number?
True
Is 9310739 a prime number?
False
Is 45758717 a prime number?
True
Is 24338459 composite?
False
Is 891481 composite?
False
Is 2456501 prime?
True
Is 4500689 a prime number?
True
Is 160229 prime?
False
Is 35231393 prime?
False
Is 98261887 prime?
False
Is 25571903 a prime number?
False
Is 3581419 composite?
False
Is 73277 composite?
False
Is 18037157 prime?
False
Is 10074751 prime?
True
Is 2133953 a prime number?
False
Is 55601041 prime?
False
Is 1048193 a composite number?
False
Is 74949221 prime?
True
Is 3628517 a composite number?
True
Is 30268829 a prime number?
False
Is 2255209 a prime number?
False
Is 57851503 composite?
True
Is 485239 prime?
False
Is 25057661 a composite number?
True
Is 769213007 a composite number?
True
Is 65220322 prime?
False
Is 1327999 a prime number?
True
Is 30789503 prime?
False
Is 12668641 a prime number?
True
Is 1412728351 prime?
True
Is 97256678 a composite number?
True
Is 398813 prime?
True
Is 568305337 composite?
False
Is 10742339 prime?
True
Is 13527901 a composite number?
True
Is 1129559 prime?
True
Is 263293997 a composite number?
False
Is 4616683 composite?
True
Is 261402959 a prime number?
False
Is 14682047 prime?
True
Is 125213 a composite number?
True
Is 233537 prime?
False
Is 54494131 a prime number?
False
Is 90148417 prime?
True
Is 44288143 a prime number?
False
Is 26846273 a prime number?
True
Is 1755787 a prime number?
False
Is 3560749 a composite number?
True
Is 2618327 prime?
False
Is 66271 a composite number?
False
Is 21251917 prime?
False
Is 146903353 composite?
False
Is 7006946 prime?
False
Is 1288933 prime?
True
Is 6482299 a prime number?
True
Is 89987543 a composite number?
False
Is 349405843 a composite number?
False
Is 19350249 prime?
False
Is 2312146 a prime number?
False
Is 2078789 a composite number?
False
Is 18811057 prime?
True
Is 20513057 prime?
True
Is 2381179 a prime number?
True
Is 59249867 a prime number?
True
Is 10438573 composite?
True
Is 295819 composite?
False
Is 38024621 a prime number?
False
Is 155125123 a prime number?
False
Is 1541181 prime?
False
Is 4853273 prime?
True
Is 39007993 composite?
True
Is 11774329 composite?
True
Is 167663 a composite number?
False
Is 5616649 composite?
True
Is 174399223 a prime number?
True
Is 1298951 composite?
False
Is 2119259 a prime number?
True
Is 222926437 composite?
False
Is 78157031 prime?
True
Is 20697301 a prime nu